ors of q?
2, 3, 523
Let v(p) = 2*p - 7. Let n(b) = -b + 6. Let q(f) = 3*n(f) + 2*v(f). Let j be q(-3). List the prime factors of (24/(-16))/(j/(-16)).
2, 3
Let l(q) = -q**3 - 5*q**2 - 4*q + 26. Suppose -4*o = z + 9 + 14, z - 1 = 0. What are the prime factors of l(o)?
2, 43
Suppose 2*d - 2037 = -3*r + 810, 0 = -r - 3*d + 942. What are the prime factors of r?
3, 317
List the prime factors of (-3420)/(-14) + (-16)/56.
2, 61
Suppose 8 = 5*b - 4*j, 4*b = b - 2*j - 4. Suppose b = 5*d - 8*d + 69. List the prime factors of d.
23
What are the prime factors of 4/6 + 312/(-27)*-69?
2, 3, 7, 19
Let z(f) = -117*f + 81. Let n be z(-13). Suppose -h - 16*x + 318 = -14*x, -5*h + n = -2*x. What are the prime factors of h?
2, 5
Suppose 0*x - x - 6*x = 0. Suppose x = 5*d - 99 - 106. List the prime factors of d.
41
Suppose 0 = -y - 5*i + 7 + 9, 16 = 3*y - i. Suppose -4*p - 10 = -y*p. Suppose -p*n + 24 = -31. What are the prime factors of n?
11
Suppose -14 = -3*h - 26. What are the prime factors of (-16)/(-20)*(336 - (5 + h))?
2, 67
Let q be (-2 - -1) + 35 + -21. Let x(y) = -y**2 + 13*y + 12. What are the prime factors of x(q)?
2, 3
Let d = 0 - -4. Suppose -d*s = 2*f - 116, 0*s + 5*s + 232 = 4*f. What are the prime factors of f?
2, 29
Let p(l) = 8*l + 22. Let u = 65 - 59. List the prime factors of p(u).
2, 5, 7
Let y(j) = 7*j**2 - 3*j + 2. Let h be y(1). Let a(z) = -z**3 + 5*z**2 + 5*z + 9. Let p be a(h). List the prime factors of (-2)/(-8)*(9 + p).
3
What are the prime factors of (-94)/(-7 - (-140)/21)?
2, 3, 47
Let m(l) = -l**2 - 5*l - 2. Let x be m(-3). Let v = 728 + -450. Suppose -2*d = -5*t + v, t - x*d = -7*d + 42. What are the prime factors of t?
2, 3
Let w(t) = -3*t**2 + 2*t + 2. Let q(r) = -r - 5. Let x be q(-4). Let z be w(x). What are the prime factors of 1/z + (-205)/(-3)?
2, 17
Let b(l) = 189*l + 284. List the prime factors of b(10).
2, 1087
Suppose -2*y = 4*g + g - 4, 5*y - 10 = 0. Suppose 3*z = -h + 2*h - 16, 2*z - 6 = g. Suppose h = -b + 6*b. List the prime factors of b.
5
Let n(r) = -r**2 - 21*r + 49. What are the prime factors of n(-21)?
7
Let p be (-1 - 2) + 8 + -3. Suppose -5*k + 0*z = -z - 9, 2*z - p = 0. Suppose 4*c = -4*i + 112, k*i = 1 + 3. List the prime factors of c.
2, 13
Let j be (-108)/5 - 4/10. Let z = j + 46. What are the prime factors of ((-21)/9)/((-2)/z)?
2, 7
Let g(l) = 53*l - 7. Let z(n) = 80*n - 11. Let t(q) = -8*g(q) + 5*z(q). What are the prime factors of t(-2)?
7
Let l be 139 - -2*(-1)/(-2). Let w = l + -12. What are the prime factors of w?
2
Let n(z) = z**3 - 16*z**2 - 12*z - 130. What are the prime factors of n(18)?
2, 151
Suppose -3*u + 18 = -0*z + 3*z, -18 = -z + 5*u. Suppose -z*v + 125 = -3*v. What are the prime factors of v?
5
Suppose -228*l + 2844 = -222*l. List the prime factors of l.
2, 3, 79
Let b(v) = 4*v + 36. Let s be b(-10). List the prime factors of (-4 + 3 + 38/(-8))*s.
23
Suppose 0*d - 1497 = -5*l - 3*d, 5*d = 3*l - 871. Let c = -164 + l. List the prime factors of c.
7, 19
List the prime factors of 1 + -9 + 3983 + 5.
2, 5, 199
Let j(u) = -3*u**3 + 4*u**2 + 2*u - 4. Let a be j(3). Suppose 0 = 2*q - 2*r + 4*r + 130, 0 = q - 2*r + 71. Let g = a - q. List the prime factors of g.
2, 3
Let q(k) = -k + 11. Let f be q(9). Let g = f - -19. Suppose 4*w - 3*w = g. What are the prime factors of w?
3, 7
Let g be (-4)/14 - -1*114/(-42). List the prime factors of g + 0 + 249 + 1.
13, 19
Suppose h - 3691 = -28*d + 24*d, -4*h - 2*d = -14778. List the prime factors of h.
5, 739
Let d(x) be the first derivative of -27*x**2/2 + 11*x - 10. What are the prime factors of d(-3)?
2, 23
Let f = 196 + 783. What are the prime factors of f?
11, 89
Let h(u) = 9*u**2 + 14*u + 107. List the prime factors of h(-11).
2, 521
Let z = -2 + 16. Suppose 0 = -9*c - z + 77. Suppose -2*r = 6, 16 = b - 3*r - c. What are the prime factors of b?
2, 7
Let m(y) = -190*y + 8. What are the prime factors of m(-2)?
2, 97
Suppose 4*o - 3*p - 69 = 0, -p = o - 6 - 6. Let d = 19 - o. List the prime factors of -13*3*d/(-12).
13
Suppose 4*n - 6 = 10. Suppose 2*y - 466 = -n*d, -d + 2*y = -3*d + 234. What are the prime factors of d?
2, 29
Suppose 0 = 4*x + 12 - 40. Let m(z) be the third derivative of z**6/120 - z**5/15 - 2*z**4/3 - 4*z**3/3 - 85*z**2 + 2. List the prime factors of m(x).
3
Let l(c) = 3*c - 32. Let r(q) = q - 11. Let o(k) = 4*l(k) - 11*r(k). Let a be o(12). Suppose 10 = -a*d, -4*b + 2*d - 5*d = -98. List the prime factors of b.
2, 13
Suppose 94 = 3*x - 5*x. Let t = x - -71. List the prime factors of t.
2, 3
Suppose -4*b = 4*q - 140, -q = 2*b - 5*b - 27. Suppose -18*i = -19*i - 25. Let f = q + i. What are the prime factors of f?
2
Suppose 18*m + 2*m = 120. What are the prime factors of m?
2, 3
Suppose 0 = -21*s + 3305 + 7237. List the prime factors of s.
2, 251
Let y(k) = -18 + 4*k**3 + 2*k**3 + 17. List the prime factors of y(1).
5
Let g be (3310/25 - (-2)/(-5)) + 1. Suppose -3*f = -415 + g. What are the prime factors of f?
2, 47
Suppose 3*t + 25 = 3*i + 8*t, 0 = -3*i - 2*t + 19. Suppose 0 = i*f - 125 - 730. What are the prime factors of f?
3, 19
List the prime factors of 23*52 - -6*2/12.
3, 7, 19
Let j = 39 - 37. Suppose -i + 2*i - 5 = 0. Suppose 0 = -2*t - i*b + 83, -t + j*b = b - 52. What are the prime factors of t?
7
Suppose -x = 2*s + 4, 3*s + 0*s = -3. Let h be ((-2)/x)/((-3)/(-321)). Suppose -k - 4*u + 64 = k, 4*k + u = h. What are the prime factors of k?
2, 13
Suppose 141 = -d + 50. Let t = -34 - d. List the prime factors of t.
3, 19
Let s be (16/(-20))/(5/(-25)). Suppose 0*q + 5*q + x - 17 = 0, 0 = -5*q + 3*x + 9. Suppose -s*v + 13 = -q*v. What are the prime factors of v?
13
Let d(j) = -j - 2. Let u be d(-4). Suppose u*m + b = 23, 0 = -2*m - 2*m - 4*b + 44. List the prime factors of -3*1*(-52)/m.
13
Let r(i) = 33*i**2 + i - 8. List the prime factors of r(7).
2, 101
Suppose -4*k = 5*k - 27. Suppose -2*x + 56 = j, -4*j + 0*x + 249 = k*x. List the prime factors of j.
2, 3, 11
Suppose 6364 = 8*k - 8876. List the prime factors of k.
3, 5, 127
Let o(n) be the first derivative of 2*n**2 - 6*n + 4. List the prime factors of o(16).
2, 29
Suppose 9 = 3*h - 5*t, 3*t - 5*t + 38 = 4*h. Suppose h*s - 177 = 5*s. List the prime factors of s.
59
Let u(n) = 14*n**2 + 13*n + 61. What are the prime factors of u(-7)?
2, 41
Suppose -4*b + 1814 = -4*z + 70, 862 = 2*b - 4*z. Suppose -u - b = -4*k, -3*k + 300 = 5*u - 48. List the prime factors of k.
3, 37
Suppose 0 = 11*s - 2042 - 1577. List the prime factors of s.
7, 47
Suppose 2*y + 4 - 14 = 0. Suppose 0*r + y*r - 190 = 0. List the prime factors of r.
2, 19
What are the prime factors of (15/5 + -2)*4 + 673?
677
Suppose -5*g - 223 = 2*y - 4, -6 = -2*y. Let b = g - -108. List the prime factors of b.
3, 7
Suppose -26*u + 30*u - 4752 = -5*k, -u = k - 1188. List the prime factors of u.
2, 3, 11
Let p(h) = -h**2 + 8*h - 5. Let t be p(7). What are the prime factors of 3*t*(-16)/(-12)?
2
Suppose -21 = -0*m + 2*m - 5*c, 0 = -2*c + 10. Suppose 4*i + s - 152 = 88, -m*s + 175 = 3*i. What are the prime factors of i?
61
Suppose -14 = 4*l - 2*l. Let b(o) = -o**2 - 9*o + 3. Let n be b(l). Suppose -3*j + n = -64. What are the prime factors of j?
3
Let k = 541 + -468. List the prime factors of k.
73
What are the prime factors of -2 + (-5)/(-2) - 9607/(-26)?
2, 5, 37
Let n(b) = b**2 - 3*b + 1. Let f be n(3). Let x be -4 - (f - 0 - -1). Let z(p) = -p**2 - 10*p - 8. What are the prime factors of z(x)?
2
Let t be 4/(2/33*-3). Let o = t + 56. Suppose 0 = 5*l - 4*l - o. List the prime factors of l.
2, 17
Let o(h) = -2*h**3 + 2*h**2 - 1. Suppose -c = 4*c + 5. Let r be o(c). What are the prime factors of 2/(-3) - (-11)/r?
3
Let a be (9 + -14)/(0 - 10/12). Suppose -949 + 13 = -a*s. What are the prime factors of s?
2, 3, 13
Suppose -14*q + 6734 = -0*q. What are the prime factors of q?
13, 37
Let q(t) = 2*t**2 + t - 35. What are the prime factors of q(5)?
2, 5
Let k = 52 - 50. Suppose 4*y - 14 = k. List the prime factors of y.
2
Let s be 626/14 + 6/21. Let y(d) = d**3 + 10*d**2 + 12*d + 9. Let n be y(-9). Let v = s + n. What are the prime factors of v?
3
Let p(x) = 13*x - 3. Let i be p(2). Suppose a - 13 = 3*c, -i = -0*a - 2*a + 3*c. Let j = 30 - a. List the prime factors of j.
2, 5
Suppose 5*c = s + 251, c + 29 - 74 = -5*s. What are the p